{"id":87,"date":"2023-10-30T12:36:06","date_gmt":"2023-10-30T11:36:06","guid":{"rendered":"https:\/\/visiteperelachaise.online\/?page_id=87"},"modified":"2023-12-07T15:34:49","modified_gmt":"2023-12-07T14:34:49","slug":"jean-baptiste-pezon-1827-1897","status":"publish","type":"page","link":"https:\/\/visiteperelachaise.online\/?page_id=87","title":{"rendered":"Jean Baptiste Pezon 1827-1897"},"content":{"rendered":"\n\n\t<h1>Jean Baptiste Pezon 1827-1897<\/h1>\n\t\t\t\t<img decoding=\"async\" src=\"http:\/\/visiteperelachaise.online\/wp-content\/uploads\/2023\/10\/20231011_091524-scaled.jpg\" alt=\"20231011_091524\" itemprop=\"image\" title=\"20231011_091524\" onerror=\"this.style.display='none'\"  \/>\n\tVoici le riche et c\u00e9l\u00e8bre dompteur Jean Baptiste Pezon, chevauchant son lion le<br \/>\nplus embl\u00e9matique : Brutus.\nPremier d&#8217;une longue dynastie, il parcourut toutes les foires de France avec sa\u00a0 \u00abGrande M\u00e9nagerie Loz\u00e9rienne\u00bb jusqu&#8217;en 1885 o\u00f9 il s&#8217;\u00e9tablit \u00e0 Montreuil. A cette \u00e9poque, ce genre de divertissement tr\u00e8s populaire, attirait les foules. De nombreux Parisiens assistaient aux spectacles de dressage d&#8217;animaux. Des artistes comme Toulouse Lautrec venaient y dessiner des tigres, des lions, des ours &#8230; Et c&#8217;est Brutus lui-m\u00eame qui a servi de mod\u00e8le \u00e0 Auguste Bartholdi pour la r\u00e9alisation du fameux Lion de Belfort !!<br \/>\nContrairement \u00e0 la l\u00e9gende, Pezon n&#8217;est pas mort d\u00e9vor\u00e9 par Brutus mais d&#8217;une crise cardiaque \u00e0 la foire de Montmartre le 13 novembre 1897. Son enterrement fit grand bruit car parmi les animaux pr\u00e9sents, quelques singes s&#8217;\u00e9chapp\u00e8rent dans cette partie du cimeti\u00e8re bien plus bois\u00e9e \u00e0 l&#8217;\u00e9poque.<br \/>\nLorsque vous \u00eates face \u00e0 la s\u00e9pulture, entre ses colonnes, vous pouvez apercevoir la tombe de Guillaume Apollinaire. Un monument &#8211; menhir con\u00e7u par Picasso.\n\t<p><em>La prochaine tombe est une r\u00e9elle curiosit\u00e9 du cimeti\u00e8re. Continuez \u00e0 avancer <\/em><em>dans la petite all\u00e9e o\u00f9 vous vous trouvez, au bout vous tournez \u00e0 droite du c\u00f4t\u00e9 <\/em><em>de la tombe Pages et Frac puis marchez jusqu&#8217;au bout de cette nouvelle all\u00e9e au <\/em><em>niveau de la chapelle de la famille Masson. La s\u00e9pulture d&#8217;Allen Kardec est le <\/em><em>buste noir qui se trouve sur votre gauche.<\/em><\/p>\n\t\t\t<a href=\"https:\/\/visiteperelachaise.online\/?page_id=91\" target=\"_self\" rel=\"noopener\">\n\t\t\t\t\t\t\tAllan Kardec\n\t\t\t\t\t<\/a>\n\n","protected":false},"excerpt":{"rendered":"<p>Jean Baptiste Pezon 1827-1897 Voici le riche et c\u00e9l\u00e8bre dompteur Jean Baptiste Pezon, chevauchant son lion le plus embl\u00e9matique : Brutus. Premier d&#8217;une longue dynastie, il parcourut toutes les foires de France avec sa\u00a0 \u00abGrande M\u00e9nagerie Loz\u00e9rienne\u00bb jusqu&#8217;en 1885 o\u00f9 il s&#8217;\u00e9tablit \u00e0 Montreuil. A cette \u00e9poque, ce genre de divertissement tr\u00e8s populaire, attirait les [&hellip;]<\/p>\n","protected":false},"author":1,"featured_media":0,"parent":0,"menu_order":0,"comment_status":"closed","ping_status":"closed","template":"","meta":{"om_disable_all_campaigns":false,"footnotes":""},"aioseo_notices":[],"_links":{"self":[{"href":"https:\/\/visiteperelachaise.online\/index.php?rest_route=\/wp\/v2\/pages\/87"}],"collection":[{"href":"https:\/\/visiteperelachaise.online\/index.php?rest_route=\/wp\/v2\/pages"}],"about":[{"href":"https:\/\/visiteperelachaise.online\/index.php?rest_route=\/wp\/v2\/types\/page"}],"author":[{"embeddable":true,"href":"https:\/\/visiteperelachaise.online\/index.php?rest_route=\/wp\/v2\/users\/1"}],"replies":[{"embeddable":true,"href":"https:\/\/visiteperelachaise.online\/index.php?rest_route=%2Fwp%2Fv2%2Fcomments&post=87"}],"version-history":[{"count":9,"href":"https:\/\/visiteperelachaise.online\/index.php?rest_route=\/wp\/v2\/pages\/87\/revisions"}],"predecessor-version":[{"id":343,"href":"https:\/\/visiteperelachaise.online\/index.php?rest_route=\/wp\/v2\/pages\/87\/revisions\/343"}],"wp:attachment":[{"href":"https:\/\/visiteperelachaise.online\/index.php?rest_route=%2Fwp%2Fv2%2Fmedia&parent=87"}],"curies":[{"name":"wp","href":"https:\/\/api.w.org\/{rel}","templated":true}]}}